{"id":2664,"date":"2024-03-12T16:32:41","date_gmt":"2024-03-12T15:32:41","guid":{"rendered":"http:\/\/www.giampieroruggieri.it\/?page_id=2664"},"modified":"2024-03-12T16:50:43","modified_gmt":"2024-03-12T15:50:43","slug":"penna-e-carta","status":"publish","type":"page","link":"https:\/\/www.giampieroruggieri.it\/?page_id=2664","title":{"rendered":"Penna e carta"},"content":{"rendered":"\n<p>Un quaderno, fogli di carta grezza e ruvida di colore paglierino, una penna stilografica con il pennino morbido che scorre uniforme sulla superficie. Un segno unico, continuo che, cominciando da un particolare ricostruisce l\u2019immagine fino ad arrivare ai margini della pagina. Ed oltre i margini c\u2019\u00e8 il mondo con strade e case, alberi e palazzi. Sono le mie strade, quelle che ho percorso negli ultimi anni. Ho sempre disegnato, da ragazzo per studio, pi\u00f9 avanti per lavoro, cercando nella riproduzione della realt\u00e0 una perfezione sempre pi\u00f9 estrema. Adesso che il disegnare \u00e8 diventato piacere vedo la realt\u00e0 che mi si presenta come punto di partenza, ma non di arrivo. L\u2019essenzialit\u00e0 e la libert\u00e0 del tratto \u00e8 il mio punto d\u2019arrivo, senza pi\u00f9 timore di sbagliare, anzi accettando l\u2019imperfezione come un premio. \u00c8 questa la mia via, adesso, un approccio quasi Zen del disegno che riporta alla realt\u00e0, \u201cqui e adesso\u201d.&nbsp;<\/p>\n\n\n\n<figure class=\"wp-block-gallery has-nested-images columns-default is-cropped\">\n<figure class=\"wp-block-image size-large\"><a href=\"http:\/\/www.giampieroruggieri.it\/?attachment_id=2690\"><img loading=\"lazy\" width=\"1810\" height=\"2560\" data-id=\"2690\"  src=\"http:\/\/www.giampieroruggieri.it\/wp-content\/uploads\/0090-scaled.jpg\" alt=\"\" class=\"wp-image-2690\" srcset=\"https:\/\/www.giampieroruggieri.it\/wp-content\/uploads\/0090-scaled.jpg 1810w, https:\/\/www.giampieroruggieri.it\/wp-content\/uploads\/0090-424x600.jpg 424w, https:\/\/www.giampieroruggieri.it\/wp-content\/uploads\/0090-724x1024.jpg 724w, https:\/\/www.giampieroruggieri.it\/wp-content\/uploads\/0090-768x1086.jpg 768w, https:\/\/www.giampieroruggieri.it\/wp-content\/uploads\/0090-1086x1536.jpg 1086w, https:\/\/www.giampieroruggieri.it\/wp-content\/uploads\/0090-1448x2048.jpg 1448w\" sizes=\"(max-width: 1810px) 100vw, 1810px\" \/><\/a><\/figure>\n\n\n\n<figure class=\"wp-block-image size-large\"><a href=\"http:\/\/www.giampieroruggieri.it\/?attachment_id=2691\"><img loading=\"lazy\" width=\"1810\" height=\"2560\" data-id=\"2691\"  src=\"http:\/\/www.giampieroruggieri.it\/wp-content\/uploads\/0080-scaled.jpg\" alt=\"\" class=\"wp-image-2691\" srcset=\"https:\/\/www.giampieroruggieri.it\/wp-content\/uploads\/0080-scaled.jpg 1810w, https:\/\/www.giampieroruggieri.it\/wp-content\/uploads\/0080-424x600.jpg 424w, https:\/\/www.giampieroruggieri.it\/wp-content\/uploads\/0080-724x1024.jpg 724w, https:\/\/www.giampieroruggieri.it\/wp-content\/uploads\/0080-768x1086.jpg 768w, https:\/\/www.giampieroruggieri.it\/wp-content\/uploads\/0080-1086x1536.jpg 1086w, https:\/\/www.giampieroruggieri.it\/wp-content\/uploads\/0080-1448x2048.jpg 1448w\" sizes=\"(max-width: 1810px) 100vw, 1810px\" \/><\/a><\/figure>\n\n\n\n<figure class=\"wp-block-image size-large\"><a href=\"http:\/\/www.giampieroruggieri.it\/?attachment_id=2692\"><img loading=\"lazy\" width=\"1810\" height=\"2560\" data-id=\"2692\"  src=\"http:\/\/www.giampieroruggieri.it\/wp-content\/uploads\/0078-scaled.jpg\" alt=\"\" class=\"wp-image-2692\" srcset=\"https:\/\/www.giampieroruggieri.it\/wp-content\/uploads\/0078-scaled.jpg 1810w, https:\/\/www.giampieroruggieri.it\/wp-content\/uploads\/0078-424x600.jpg 424w, https:\/\/www.giampieroruggieri.it\/wp-content\/uploads\/0078-724x1024.jpg 724w, https:\/\/www.giampieroruggieri.it\/wp-content\/uploads\/0078-768x1086.jpg 768w, https:\/\/www.giampieroruggieri.it\/wp-content\/uploads\/0078-1086x1536.jpg 1086w, https:\/\/www.giampieroruggieri.it\/wp-content\/uploads\/0078-1448x2048.jpg 1448w\" sizes=\"(max-width: 1810px) 100vw, 1810px\" \/><\/a><\/figure>\n\n\n\n<figure class=\"wp-block-image size-large\"><a href=\"http:\/\/www.giampieroruggieri.it\/?attachment_id=2693\"><img loading=\"lazy\" width=\"1810\" height=\"2560\" data-id=\"2693\"  src=\"http:\/\/www.giampieroruggieri.it\/wp-content\/uploads\/0066-scaled.jpg\" alt=\"\" class=\"wp-image-2693\" srcset=\"https:\/\/www.giampieroruggieri.it\/wp-content\/uploads\/0066-scaled.jpg 1810w, https:\/\/www.giampieroruggieri.it\/wp-content\/uploads\/0066-424x600.jpg 424w, https:\/\/www.giampieroruggieri.it\/wp-content\/uploads\/0066-724x1024.jpg 724w, https:\/\/www.giampieroruggieri.it\/wp-content\/uploads\/0066-768x1086.jpg 768w, https:\/\/www.giampieroruggieri.it\/wp-content\/uploads\/0066-1086x1536.jpg 1086w, https:\/\/www.giampieroruggieri.it\/wp-content\/uploads\/0066-1448x2048.jpg 1448w\" sizes=\"(max-width: 1810px) 100vw, 1810px\" \/><\/a><\/figure>\n\n\n\n<figure class=\"wp-block-image size-large\"><a href=\"http:\/\/www.giampieroruggieri.it\/?attachment_id=2694\"><img loading=\"lazy\" width=\"1810\" height=\"2560\" data-id=\"2694\"  src=\"http:\/\/www.giampieroruggieri.it\/wp-content\/uploads\/0057-scaled.jpg\" alt=\"\" class=\"wp-image-2694\" srcset=\"https:\/\/www.giampieroruggieri.it\/wp-content\/uploads\/0057-scaled.jpg 1810w, https:\/\/www.giampieroruggieri.it\/wp-content\/uploads\/0057-424x600.jpg 424w, https:\/\/www.giampieroruggieri.it\/wp-content\/uploads\/0057-724x1024.jpg 724w, https:\/\/www.giampieroruggieri.it\/wp-content\/uploads\/0057-768x1086.jpg 768w, https:\/\/www.giampieroruggieri.it\/wp-content\/uploads\/0057-1086x1536.jpg 1086w, https:\/\/www.giampieroruggieri.it\/wp-content\/uploads\/0057-1448x2048.jpg 1448w\" sizes=\"(max-width: 1810px) 100vw, 1810px\" \/><\/a><\/figure>\n\n\n\n<figure class=\"wp-block-image size-large\"><a href=\"http:\/\/www.giampieroruggieri.it\/?attachment_id=2695\"><img loading=\"lazy\" width=\"1810\" height=\"2560\" data-id=\"2695\"  src=\"http:\/\/www.giampieroruggieri.it\/wp-content\/uploads\/0056-scaled.jpg\" alt=\"\" class=\"wp-image-2695\" srcset=\"https:\/\/www.giampieroruggieri.it\/wp-content\/uploads\/0056-scaled.jpg 1810w, https:\/\/www.giampieroruggieri.it\/wp-content\/uploads\/0056-424x600.jpg 424w, https:\/\/www.giampieroruggieri.it\/wp-content\/uploads\/0056-724x1024.jpg 724w, https:\/\/www.giampieroruggieri.it\/wp-content\/uploads\/0056-768x1086.jpg 768w, https:\/\/www.giampieroruggieri.it\/wp-content\/uploads\/0056-1086x1536.jpg 1086w, https:\/\/www.giampieroruggieri.it\/wp-content\/uploads\/0056-1448x2048.jpg 1448w\" sizes=\"(max-width: 1810px) 100vw, 1810px\" \/><\/a><\/figure>\n\n\n\n<figure class=\"wp-block-image size-large\"><a href=\"http:\/\/www.giampieroruggieri.it\/?attachment_id=2696\"><img loading=\"lazy\" width=\"1810\" height=\"2560\" data-id=\"2696\"  src=\"http:\/\/www.giampieroruggieri.it\/wp-content\/uploads\/0044-scaled.jpg\" alt=\"\" class=\"wp-image-2696\" srcset=\"https:\/\/www.giampieroruggieri.it\/wp-content\/uploads\/0044-scaled.jpg 1810w, https:\/\/www.giampieroruggieri.it\/wp-content\/uploads\/0044-424x600.jpg 424w, https:\/\/www.giampieroruggieri.it\/wp-content\/uploads\/0044-724x1024.jpg 724w, https:\/\/www.giampieroruggieri.it\/wp-content\/uploads\/0044-768x1086.jpg 768w, https:\/\/www.giampieroruggieri.it\/wp-content\/uploads\/0044-1086x1536.jpg 1086w, https:\/\/www.giampieroruggieri.it\/wp-content\/uploads\/0044-1448x2048.jpg 1448w\" sizes=\"(max-width: 1810px) 100vw, 1810px\" \/><\/a><\/figure>\n\n\n\n<figure class=\"wp-block-image size-large\"><a href=\"http:\/\/www.giampieroruggieri.it\/?attachment_id=2697\"><img loading=\"lazy\" width=\"1810\" height=\"2560\" data-id=\"2697\"  src=\"http:\/\/www.giampieroruggieri.it\/wp-content\/uploads\/0039-scaled.jpg\" alt=\"\" class=\"wp-image-2697\" srcset=\"https:\/\/www.giampieroruggieri.it\/wp-content\/uploads\/0039-scaled.jpg 1810w, https:\/\/www.giampieroruggieri.it\/wp-content\/uploads\/0039-424x600.jpg 424w, https:\/\/www.giampieroruggieri.it\/wp-content\/uploads\/0039-724x1024.jpg 724w, https:\/\/www.giampieroruggieri.it\/wp-content\/uploads\/0039-768x1086.jpg 768w, https:\/\/www.giampieroruggieri.it\/wp-content\/uploads\/0039-1086x1536.jpg 1086w, https:\/\/www.giampieroruggieri.it\/wp-content\/uploads\/0039-1448x2048.jpg 1448w\" sizes=\"(max-width: 1810px) 100vw, 1810px\" \/><\/a><\/figure>\n\n\n\n<figure class=\"wp-block-image size-large\"><a href=\"http:\/\/www.giampieroruggieri.it\/?attachment_id=2698\"><img loading=\"lazy\" width=\"1810\" height=\"2560\" data-id=\"2698\"  src=\"http:\/\/www.giampieroruggieri.it\/wp-content\/uploads\/0031-scaled.jpg\" alt=\"\" class=\"wp-image-2698\" srcset=\"https:\/\/www.giampieroruggieri.it\/wp-content\/uploads\/0031-scaled.jpg 1810w, https:\/\/www.giampieroruggieri.it\/wp-content\/uploads\/0031-424x600.jpg 424w, https:\/\/www.giampieroruggieri.it\/wp-content\/uploads\/0031-724x1024.jpg 724w, https:\/\/www.giampieroruggieri.it\/wp-content\/uploads\/0031-768x1086.jpg 768w, https:\/\/www.giampieroruggieri.it\/wp-content\/uploads\/0031-1086x1536.jpg 1086w, https:\/\/www.giampieroruggieri.it\/wp-content\/uploads\/0031-1448x2048.jpg 1448w\" sizes=\"(max-width: 1810px) 100vw, 1810px\" \/><\/a><\/figure>\n\n\n\n<figure class=\"wp-block-image size-large\"><a href=\"http:\/\/www.giampieroruggieri.it\/?attachment_id=2699\"><img loading=\"lazy\" width=\"1810\" height=\"2560\" data-id=\"2699\"  src=\"http:\/\/www.giampieroruggieri.it\/wp-content\/uploads\/0020-scaled.jpg\" alt=\"\" class=\"wp-image-2699\" srcset=\"https:\/\/www.giampieroruggieri.it\/wp-content\/uploads\/0020-scaled.jpg 1810w, https:\/\/www.giampieroruggieri.it\/wp-content\/uploads\/0020-424x600.jpg 424w, https:\/\/www.giampieroruggieri.it\/wp-content\/uploads\/0020-724x1024.jpg 724w, https:\/\/www.giampieroruggieri.it\/wp-content\/uploads\/0020-768x1086.jpg 768w, https:\/\/www.giampieroruggieri.it\/wp-content\/uploads\/0020-1086x1536.jpg 1086w, https:\/\/www.giampieroruggieri.it\/wp-content\/uploads\/0020-1448x2048.jpg 1448w\" sizes=\"(max-width: 1810px) 100vw, 1810px\" \/><\/a><\/figure>\n\n\n\n<figure class=\"wp-block-image size-large\"><a href=\"http:\/\/www.giampieroruggieri.it\/?attachment_id=2700\"><img loading=\"lazy\" width=\"1958\" height=\"2560\" data-id=\"2700\"  src=\"http:\/\/www.giampieroruggieri.it\/wp-content\/uploads\/0001-scaled.jpg\" alt=\"\" class=\"wp-image-2700\" srcset=\"https:\/\/www.giampieroruggieri.it\/wp-content\/uploads\/0001-scaled.jpg 1958w, https:\/\/www.giampieroruggieri.it\/wp-content\/uploads\/0001-459x600.jpg 459w, https:\/\/www.giampieroruggieri.it\/wp-content\/uploads\/0001-783x1024.jpg 783w, https:\/\/www.giampieroruggieri.it\/wp-content\/uploads\/0001-768x1004.jpg 768w, https:\/\/www.giampieroruggieri.it\/wp-content\/uploads\/0001-1175x1536.jpg 1175w, https:\/\/www.giampieroruggieri.it\/wp-content\/uploads\/0001-1566x2048.jpg 1566w\" sizes=\"(max-width: 1958px) 100vw, 1958px\" \/><\/a><\/figure>\n<\/figure>\n","protected":false},"excerpt":{"rendered":"<p>Un quaderno, fogli di carta grezza e ruvida di colore paglierino, una penna stilografica con il pennino morbido che scorre uniforme sulla superficie. Un segno unico, continuo che, cominciando da un particolare ricostruisce l\u2019immagine fino ad arrivare ai margini della<\/p>\n","protected":false},"author":1,"featured_media":0,"parent":0,"menu_order":0,"comment_status":"closed","ping_status":"closed","template":"","meta":[],"_links":{"self":[{"href":"https:\/\/www.giampieroruggieri.it\/index.php?rest_route=\/wp\/v2\/pages\/2664"}],"collection":[{"href":"https:\/\/www.giampieroruggieri.it\/index.php?rest_route=\/wp\/v2\/pages"}],"about":[{"href":"https:\/\/www.giampieroruggieri.it\/index.php?rest_route=\/wp\/v2\/types\/page"}],"author":[{"embeddable":true,"href":"https:\/\/www.giampieroruggieri.it\/index.php?rest_route=\/wp\/v2\/users\/1"}],"replies":[{"embeddable":true,"href":"https:\/\/www.giampieroruggieri.it\/index.php?rest_route=%2Fwp%2Fv2%2Fcomments&post=2664"}],"version-history":[{"count":11,"href":"https:\/\/www.giampieroruggieri.it\/index.php?rest_route=\/wp\/v2\/pages\/2664\/revisions"}],"predecessor-version":[{"id":2703,"href":"https:\/\/www.giampieroruggieri.it\/index.php?rest_route=\/wp\/v2\/pages\/2664\/revisions\/2703"}],"wp:attachment":[{"href":"https:\/\/www.giampieroruggieri.it\/index.php?rest_route=%2Fwp%2Fv2%2Fmedia&parent=2664"}],"curies":[{"name":"wp","href":"https:\/\/api.w.org\/{rel}","templated":true}]}}