{"id":156,"date":"2014-10-16T12:16:41","date_gmt":"2014-10-16T10:16:41","guid":{"rendered":"http:\/\/www.giampieroruggieri.it\/?page_id=156"},"modified":"2024-03-12T17:22:05","modified_gmt":"2024-03-12T16:22:05","slug":"logotipi","status":"publish","type":"page","link":"https:\/\/www.giampieroruggieri.it\/?page_id=156","title":{"rendered":"Logotipi"},"content":{"rendered":"<p>Il marchio per un&#8217;azienda \u00e8 il primo segno, la prima impressione.<\/p>\n<p>Sul biglietto da visita campeggia accanto al nome del presidente o dell&#8217;impiegato. Per un grafico il marchio \u00e8 una sfida da affrontare, perch\u00e9 \u00e8 il sunto tra l&#8217;idea e la forma, tra il concetto e il desiderio, tra la visibilit\u00e0 e la riproducibilit\u00e0.<br \/>\nTra le mode ed il tempo.<\/p>\n<hr \/>\n<p><a href=\"http:\/\/www.giampieroruggieri.it\/wp-content\/uploads\/Festival-araldico_logo.png\"><img loading=\"lazy\" class=\"aligncenter  wp-image-2704\" src=\"http:\/\/www.giampieroruggieri.it\/wp-content\/uploads\/Festival-araldico_logo-600x600.png\" alt=\"\" width=\"441\" height=\"441\" srcset=\"https:\/\/www.giampieroruggieri.it\/wp-content\/uploads\/Festival-araldico_logo-600x600.png 600w, https:\/\/www.giampieroruggieri.it\/wp-content\/uploads\/Festival-araldico_logo-1024x1024.png 1024w, https:\/\/www.giampieroruggieri.it\/wp-content\/uploads\/Festival-araldico_logo-150x150.png 150w, https:\/\/www.giampieroruggieri.it\/wp-content\/uploads\/Festival-araldico_logo-768x768.png 768w, https:\/\/www.giampieroruggieri.it\/wp-content\/uploads\/Festival-araldico_logo-1536x1536.png 1536w, https:\/\/www.giampieroruggieri.it\/wp-content\/uploads\/Festival-araldico_logo-2048x2048.png 2048w, https:\/\/www.giampieroruggieri.it\/wp-content\/uploads\/Festival-araldico_logo-270x270.png 270w, https:\/\/www.giampieroruggieri.it\/wp-content\/uploads\/Festival-araldico_logo-230x230.png 230w\" sizes=\"(max-width: 441px) 100vw, 441px\" \/><\/a><\/p>\n<p><a href=\"http:\/\/www.giampieroruggieri.it\/wp-content\/uploads\/Logo_Sapori_di_Susi.jpg\"><img loading=\"lazy\" class=\"aligncenter  wp-image-1726\" src=\"http:\/\/www.giampieroruggieri.it\/wp-content\/uploads\/Logo_Sapori_di_Susi-600x600.jpg\" alt=\"Logo_Sapori_di_Susi\" width=\"306\" height=\"306\" srcset=\"https:\/\/www.giampieroruggieri.it\/wp-content\/uploads\/Logo_Sapori_di_Susi-600x600.jpg 600w, https:\/\/www.giampieroruggieri.it\/wp-content\/uploads\/Logo_Sapori_di_Susi-150x150.jpg 150w, https:\/\/www.giampieroruggieri.it\/wp-content\/uploads\/Logo_Sapori_di_Susi-270x270.jpg 270w, https:\/\/www.giampieroruggieri.it\/wp-content\/uploads\/Logo_Sapori_di_Susi-230x230.jpg 230w, https:\/\/www.giampieroruggieri.it\/wp-content\/uploads\/Logo_Sapori_di_Susi.jpg 1000w\" sizes=\"(max-width: 306px) 100vw, 306px\" \/><\/a><\/p>\n<p><a href=\"http:\/\/www.giampieroruggieri.it\/wp-content\/uploads\/logo_sabadin_costruzioni.jpg\"><img loading=\"lazy\" class=\"aligncenter  wp-image-1727\" src=\"http:\/\/www.giampieroruggieri.it\/wp-content\/uploads\/logo_sabadin_costruzioni-456x600.jpg\" alt=\"logo_sabadin_costruzioni\" width=\"314\" height=\"413\" srcset=\"https:\/\/www.giampieroruggieri.it\/wp-content\/uploads\/logo_sabadin_costruzioni-456x600.jpg 456w, https:\/\/www.giampieroruggieri.it\/wp-content\/uploads\/logo_sabadin_costruzioni-778x1024.jpg 778w, https:\/\/www.giampieroruggieri.it\/wp-content\/uploads\/logo_sabadin_costruzioni.jpg 1000w\" sizes=\"(max-width: 314px) 100vw, 314px\" \/><\/a><\/p>\n<p><a href=\"http:\/\/www.giampieroruggieri.it\/wp-content\/uploads\/logo_paolo_sabadin.jpg\"><img loading=\"lazy\" class=\"aligncenter  wp-image-1728\" src=\"http:\/\/www.giampieroruggieri.it\/wp-content\/uploads\/logo_paolo_sabadin-600x501.jpg\" alt=\"logo_paolo_sabadin\" width=\"353\" height=\"294\" srcset=\"https:\/\/www.giampieroruggieri.it\/wp-content\/uploads\/logo_paolo_sabadin-600x501.jpg 600w, https:\/\/www.giampieroruggieri.it\/wp-content\/uploads\/logo_paolo_sabadin.jpg 1000w\" sizes=\"(max-width: 353px) 100vw, 353px\" \/><\/a><\/p>\n<p><a href=\"http:\/\/www.giampieroruggieri.it\/wp-content\/uploads\/Portolesi_albore.jpg\"><img loading=\"lazy\" class=\"wp-image-1166 aligncenter\" src=\"http:\/\/www.giampieroruggieri.it\/wp-content\/uploads\/Portolesi_albore.jpg\" alt=\"Portolesi_albore\" width=\"354\" height=\"145\" srcset=\"https:\/\/www.giampieroruggieri.it\/wp-content\/uploads\/Portolesi_albore.jpg 1278w, https:\/\/www.giampieroruggieri.it\/wp-content\/uploads\/Portolesi_albore-600x246.jpg 600w, https:\/\/www.giampieroruggieri.it\/wp-content\/uploads\/Portolesi_albore-1024x420.jpg 1024w\" sizes=\"(max-width: 354px) 100vw, 354px\" \/><\/a><\/p>\n<p><a href=\"http:\/\/www.giampieroruggieri.it\/wp-content\/uploads\/welcome-treviso-logo-ok.jpg\"><img loading=\"lazy\" class=\" wp-image-895 aligncenter\" src=\"http:\/\/www.giampieroruggieri.it\/wp-content\/uploads\/welcome-treviso-logo-ok.jpg\" alt=\"welcome treviso logo ok\" width=\"309\" height=\"193\" \/><\/a><\/p>\n<p><a href=\"http:\/\/www.giampieroruggieri.it\/wp-content\/uploads\/Treviso-in-tasca-logo.jpg\"><img loading=\"lazy\" class=\"wp-image-898 aligncenter\" src=\"http:\/\/www.giampieroruggieri.it\/wp-content\/uploads\/Treviso-in-tasca-logo.jpg\" alt=\"Treviso-in-tasca-logo\" width=\"319\" height=\"478\" \/><\/a><\/p>\n<p><a href=\"http:\/\/www.giampieroruggieri.it\/wp-content\/uploads\/papa_logo1.jpg\"><img loading=\"lazy\" class=\" wp-image-810 aligncenter\" src=\"http:\/\/www.giampieroruggieri.it\/wp-content\/uploads\/papa_logo1.jpg\" alt=\"papa_logo\" width=\"245\" height=\"377\" srcset=\"https:\/\/www.giampieroruggieri.it\/wp-content\/uploads\/papa_logo1.jpg 470w, https:\/\/www.giampieroruggieri.it\/wp-content\/uploads\/papa_logo1-390x600.jpg 390w\" sizes=\"(max-width: 245px) 100vw, 245px\" \/><\/a><\/p>\n<p><a href=\"http:\/\/www.giampieroruggieri.it\/wp-content\/uploads\/logo.jpg\"><img loading=\"lazy\" class=\" wp-image-981 aligncenter\" src=\"http:\/\/www.giampieroruggieri.it\/wp-content\/uploads\/logo.jpg\" alt=\"logo\" width=\"302\" height=\"427\" srcset=\"https:\/\/www.giampieroruggieri.it\/wp-content\/uploads\/logo.jpg 595w, https:\/\/www.giampieroruggieri.it\/wp-content\/uploads\/logo-424x600.jpg 424w\" sizes=\"(max-width: 302px) 100vw, 302px\" \/><\/a><\/p>\n<p><a href=\"http:\/\/www.giampieroruggieri.it\/wp-content\/uploads\/MM-logo1.jpg\"><img loading=\"lazy\" class=\"size-full wp-image-695 aligncenter\" src=\"http:\/\/www.giampieroruggieri.it\/wp-content\/uploads\/MM-logo1.jpg\" alt=\"MM-logo\" width=\"300\" height=\"302\" srcset=\"https:\/\/www.giampieroruggieri.it\/wp-content\/uploads\/MM-logo1.jpg 300w, https:\/\/www.giampieroruggieri.it\/wp-content\/uploads\/MM-logo1-150x150.jpg 150w\" sizes=\"(max-width: 300px) 100vw, 300px\" \/><\/a> <a href=\"http:\/\/www.giampieroruggieri.it\/wp-content\/uploads\/aut1.jpg\"><img loading=\"lazy\" class=\"size-full wp-image-694 aligncenter\" src=\"http:\/\/www.giampieroruggieri.it\/wp-content\/uploads\/aut1.jpg\" alt=\"aut\" width=\"300\" height=\"204\" \/><\/a><\/p>\n<p><a href=\"http:\/\/www.giampieroruggieri.it\/wp-content\/uploads\/La_Regina_Service.jpg\"><img loading=\"lazy\" class=\" wp-image-1001 aligncenter\" src=\"http:\/\/www.giampieroruggieri.it\/wp-content\/uploads\/La_Regina_Service.jpg\" alt=\"La_Regina_Service\" width=\"367\" height=\"235\" srcset=\"https:\/\/www.giampieroruggieri.it\/wp-content\/uploads\/La_Regina_Service.jpg 1330w, https:\/\/www.giampieroruggieri.it\/wp-content\/uploads\/La_Regina_Service-600x385.jpg 600w, https:\/\/www.giampieroruggieri.it\/wp-content\/uploads\/La_Regina_Service-1024x657.jpg 1024w\" sizes=\"(max-width: 367px) 100vw, 367px\" \/><\/a><a href=\"http:\/\/www.giampieroruggieri.it\/wp-content\/uploads\/2014\/12\/1920.jpg\"><img loading=\"lazy\" class=\"size-full wp-image-257 aligncenter\" src=\"http:\/\/www.giampieroruggieri.it\/wp-content\/uploads\/2014\/12\/1920.jpg\" alt=\"1920\" width=\"300\" height=\"300\" srcset=\"https:\/\/www.giampieroruggieri.it\/wp-content\/uploads\/2014\/12\/1920.jpg 300w, https:\/\/www.giampieroruggieri.it\/wp-content\/uploads\/2014\/12\/1920-150x150.jpg 150w\" sizes=\"(max-width: 300px) 100vw, 300px\" \/><\/a><a href=\"http:\/\/www.giampieroruggieri.it\/wp-content\/uploads\/2014\/10\/Padoan-logo_nuovo.jpg\"><img loading=\"lazy\" class=\"size-full wp-image-455 aligncenter\" src=\"http:\/\/www.giampieroruggieri.it\/wp-content\/uploads\/2014\/10\/Padoan-logo_nuovo.jpg\" alt=\"Padoan-logo_nuovo\" width=\"1000\" height=\"275\" srcset=\"https:\/\/www.giampieroruggieri.it\/wp-content\/uploads\/2014\/10\/Padoan-logo_nuovo.jpg 1000w, https:\/\/www.giampieroruggieri.it\/wp-content\/uploads\/2014\/10\/Padoan-logo_nuovo-600x165.jpg 600w\" sizes=\"(max-width: 1000px) 100vw, 1000px\" \/><\/a><br \/>\n<a href=\"http:\/\/www.giampieroruggieri.it\/wp-content\/uploads\/2014\/12\/villa_luigia1.jpg\"><img loading=\"lazy\" class=\"size-full wp-image-278 aligncenter\" src=\"http:\/\/www.giampieroruggieri.it\/wp-content\/uploads\/2014\/12\/villa_luigia1.jpg\" alt=\"villa_luigia\" width=\"300\" height=\"300\" srcset=\"https:\/\/www.giampieroruggieri.it\/wp-content\/uploads\/2014\/12\/villa_luigia1.jpg 300w, https:\/\/www.giampieroruggieri.it\/wp-content\/uploads\/2014\/12\/villa_luigia1-150x150.jpg 150w\" sizes=\"(max-width: 300px) 100vw, 300px\" \/><\/a> <a href=\"http:\/\/www.giampieroruggieri.it\/wp-content\/uploads\/2014\/12\/galileo.jpg\"><img loading=\"lazy\" class=\"size-full wp-image-277 aligncenter\" src=\"http:\/\/www.giampieroruggieri.it\/wp-content\/uploads\/2014\/12\/galileo.jpg\" alt=\"galileo\" width=\"300\" height=\"300\" srcset=\"https:\/\/www.giampieroruggieri.it\/wp-content\/uploads\/2014\/12\/galileo.jpg 300w, https:\/\/www.giampieroruggieri.it\/wp-content\/uploads\/2014\/12\/galileo-150x150.jpg 150w\" sizes=\"(max-width: 300px) 100vw, 300px\" \/><\/a> <a href=\"http:\/\/www.giampieroruggieri.it\/wp-content\/uploads\/2014\/12\/tegolaia.jpg\"><img loading=\"lazy\" class=\"size-full wp-image-276 aligncenter\" src=\"http:\/\/www.giampieroruggieri.it\/wp-content\/uploads\/2014\/12\/tegolaia.jpg\" alt=\"tegolaia\" width=\"300\" height=\"300\" srcset=\"https:\/\/www.giampieroruggieri.it\/wp-content\/uploads\/2014\/12\/tegolaia.jpg 300w, https:\/\/www.giampieroruggieri.it\/wp-content\/uploads\/2014\/12\/tegolaia-150x150.jpg 150w\" sizes=\"(max-width: 300px) 100vw, 300px\" \/><\/a> <a href=\"http:\/\/www.giampieroruggieri.it\/wp-content\/uploads\/2014\/12\/officina17.jpg\"><img loading=\"lazy\" class=\"size-full wp-image-275 aligncenter\" src=\"http:\/\/www.giampieroruggieri.it\/wp-content\/uploads\/2014\/12\/officina17.jpg\" alt=\"officina17\" width=\"300\" height=\"300\" srcset=\"https:\/\/www.giampieroruggieri.it\/wp-content\/uploads\/2014\/12\/officina17.jpg 300w, https:\/\/www.giampieroruggieri.it\/wp-content\/uploads\/2014\/12\/officina17-150x150.jpg 150w\" sizes=\"(max-width: 300px) 100vw, 300px\" \/><\/a> <a href=\"http:\/\/www.giampieroruggieri.it\/wp-content\/uploads\/2014\/12\/brufatto.jpg\"><img loading=\"lazy\" class=\"size-full wp-image-274 aligncenter\" src=\"http:\/\/www.giampieroruggieri.it\/wp-content\/uploads\/2014\/12\/brufatto.jpg\" alt=\"brufatto\" width=\"300\" height=\"300\" srcset=\"https:\/\/www.giampieroruggieri.it\/wp-content\/uploads\/2014\/12\/brufatto.jpg 300w, https:\/\/www.giampieroruggieri.it\/wp-content\/uploads\/2014\/12\/brufatto-150x150.jpg 150w\" sizes=\"(max-width: 300px) 100vw, 300px\" \/><\/a> <a href=\"http:\/\/www.giampieroruggieri.it\/wp-content\/uploads\/2014\/12\/blue-dragon.jpg\"><img loading=\"lazy\" class=\"size-full wp-image-273 aligncenter\" src=\"http:\/\/www.giampieroruggieri.it\/wp-content\/uploads\/2014\/12\/blue-dragon.jpg\" alt=\"blue-dragon\" width=\"300\" height=\"300\" srcset=\"https:\/\/www.giampieroruggieri.it\/wp-content\/uploads\/2014\/12\/blue-dragon.jpg 300w, https:\/\/www.giampieroruggieri.it\/wp-content\/uploads\/2014\/12\/blue-dragon-150x150.jpg 150w\" sizes=\"(max-width: 300px) 100vw, 300px\" \/><\/a> <a href=\"http:\/\/www.giampieroruggieri.it\/wp-content\/uploads\/2014\/12\/dodici.jpg\"><img loading=\"lazy\" class=\"size-full wp-image-272 aligncenter\" src=\"http:\/\/www.giampieroruggieri.it\/wp-content\/uploads\/2014\/12\/dodici.jpg\" alt=\"dodici\" width=\"300\" height=\"300\" srcset=\"https:\/\/www.giampieroruggieri.it\/wp-content\/uploads\/2014\/12\/dodici.jpg 300w, https:\/\/www.giampieroruggieri.it\/wp-content\/uploads\/2014\/12\/dodici-150x150.jpg 150w\" sizes=\"(max-width: 300px) 100vw, 300px\" \/><\/a> <a href=\"http:\/\/www.giampieroruggieri.it\/wp-content\/uploads\/2014\/12\/spazio.jpg\"><img loading=\"lazy\" class=\"size-full wp-image-271 aligncenter\" src=\"http:\/\/www.giampieroruggieri.it\/wp-content\/uploads\/2014\/12\/spazio.jpg\" alt=\"spazio\" width=\"289\" height=\"300\" \/><\/a> <a href=\"http:\/\/www.giampieroruggieri.it\/wp-content\/uploads\/2014\/12\/sportissimo.jpg\"><img loading=\"lazy\" class=\"size-full wp-image-270 aligncenter\" src=\"http:\/\/www.giampieroruggieri.it\/wp-content\/uploads\/2014\/12\/sportissimo.jpg\" alt=\"sportissimo\" width=\"300\" height=\"300\" srcset=\"https:\/\/www.giampieroruggieri.it\/wp-content\/uploads\/2014\/12\/sportissimo.jpg 300w, https:\/\/www.giampieroruggieri.it\/wp-content\/uploads\/2014\/12\/sportissimo-150x150.jpg 150w\" sizes=\"(max-width: 300px) 100vw, 300px\" \/><\/a> <a href=\"http:\/\/www.giampieroruggieri.it\/wp-content\/uploads\/2014\/12\/refrigenio.jpg\"><img loading=\"lazy\" class=\"size-full wp-image-269 aligncenter\" src=\"http:\/\/www.giampieroruggieri.it\/wp-content\/uploads\/2014\/12\/refrigenio.jpg\" alt=\"refrigenio\" width=\"300\" height=\"300\" srcset=\"https:\/\/www.giampieroruggieri.it\/wp-content\/uploads\/2014\/12\/refrigenio.jpg 300w, https:\/\/www.giampieroruggieri.it\/wp-content\/uploads\/2014\/12\/refrigenio-150x150.jpg 150w\" sizes=\"(max-width: 300px) 100vw, 300px\" \/><\/a> <a href=\"http:\/\/www.giampieroruggieri.it\/wp-content\/uploads\/2014\/12\/seven.jpg\"><img loading=\"lazy\" class=\"size-full wp-image-268 aligncenter\" src=\"http:\/\/www.giampieroruggieri.it\/wp-content\/uploads\/2014\/12\/seven.jpg\" alt=\"seven\" width=\"300\" height=\"300\" srcset=\"https:\/\/www.giampieroruggieri.it\/wp-content\/uploads\/2014\/12\/seven.jpg 300w, https:\/\/www.giampieroruggieri.it\/wp-content\/uploads\/2014\/12\/seven-150x150.jpg 150w\" sizes=\"(max-width: 300px) 100vw, 300px\" \/><\/a> <a href=\"http:\/\/www.giampieroruggieri.it\/wp-content\/uploads\/2014\/12\/terre_rare.jpg\"><img loading=\"lazy\" class=\"size-full wp-image-267 aligncenter\" src=\"http:\/\/www.giampieroruggieri.it\/wp-content\/uploads\/2014\/12\/terre_rare.jpg\" alt=\"terre_rare\" width=\"300\" height=\"300\" srcset=\"https:\/\/www.giampieroruggieri.it\/wp-content\/uploads\/2014\/12\/terre_rare.jpg 300w, https:\/\/www.giampieroruggieri.it\/wp-content\/uploads\/2014\/12\/terre_rare-150x150.jpg 150w\" sizes=\"(max-width: 300px) 100vw, 300px\" \/><\/a> <a href=\"http:\/\/www.giampieroruggieri.it\/wp-content\/uploads\/2014\/12\/for_salus.jpg\"><img loading=\"lazy\" class=\"size-full wp-image-266 aligncenter\" src=\"http:\/\/www.giampieroruggieri.it\/wp-content\/uploads\/2014\/12\/for_salus.jpg\" alt=\"for_salus\" width=\"300\" height=\"300\" srcset=\"https:\/\/www.giampieroruggieri.it\/wp-content\/uploads\/2014\/12\/for_salus.jpg 300w, https:\/\/www.giampieroruggieri.it\/wp-content\/uploads\/2014\/12\/for_salus-150x150.jpg 150w\" sizes=\"(max-width: 300px) 100vw, 300px\" \/><\/a> <a href=\"http:\/\/www.giampieroruggieri.it\/wp-content\/uploads\/2014\/12\/ingenio.jpg\"><img loading=\"lazy\" class=\"size-full wp-image-265 aligncenter\" src=\"http:\/\/www.giampieroruggieri.it\/wp-content\/uploads\/2014\/12\/ingenio.jpg\" alt=\"ingenio\" width=\"300\" height=\"300\" srcset=\"https:\/\/www.giampieroruggieri.it\/wp-content\/uploads\/2014\/12\/ingenio.jpg 300w, https:\/\/www.giampieroruggieri.it\/wp-content\/uploads\/2014\/12\/ingenio-150x150.jpg 150w\" sizes=\"(max-width: 300px) 100vw, 300px\" \/><\/a> <a href=\"http:\/\/www.giampieroruggieri.it\/wp-content\/uploads\/2014\/12\/essenza.jpg\"><img loading=\"lazy\" class=\"size-full wp-image-264 aligncenter\" src=\"http:\/\/www.giampieroruggieri.it\/wp-content\/uploads\/2014\/12\/essenza.jpg\" alt=\"essenza\" width=\"300\" height=\"300\" srcset=\"https:\/\/www.giampieroruggieri.it\/wp-content\/uploads\/2014\/12\/essenza.jpg 300w, https:\/\/www.giampieroruggieri.it\/wp-content\/uploads\/2014\/12\/essenza-150x150.jpg 150w\" sizes=\"(max-width: 300px) 100vw, 300px\" \/><\/a> <a href=\"http:\/\/www.giampieroruggieri.it\/wp-content\/uploads\/2014\/12\/hem.jpg\"><img loading=\"lazy\" class=\"size-full wp-image-263 aligncenter\" src=\"http:\/\/www.giampieroruggieri.it\/wp-content\/uploads\/2014\/12\/hem.jpg\" alt=\"hem\" width=\"300\" height=\"300\" srcset=\"https:\/\/www.giampieroruggieri.it\/wp-content\/uploads\/2014\/12\/hem.jpg 300w, https:\/\/www.giampieroruggieri.it\/wp-content\/uploads\/2014\/12\/hem-150x150.jpg 150w\" sizes=\"(max-width: 300px) 100vw, 300px\" \/><\/a> <a href=\"http:\/\/www.giampieroruggieri.it\/wp-content\/uploads\/2014\/12\/aurotech.jpg\"><br \/>\n<\/a> <a href=\"http:\/\/www.giampieroruggieri.it\/wp-content\/uploads\/2014\/12\/rosso.jpg\"><img loading=\"lazy\" class=\"size-full wp-image-261 aligncenter\" src=\"http:\/\/www.giampieroruggieri.it\/wp-content\/uploads\/2014\/12\/rosso.jpg\" alt=\"rosso\" width=\"300\" height=\"300\" srcset=\"https:\/\/www.giampieroruggieri.it\/wp-content\/uploads\/2014\/12\/rosso.jpg 300w, https:\/\/www.giampieroruggieri.it\/wp-content\/uploads\/2014\/12\/rosso-150x150.jpg 150w\" sizes=\"(max-width: 300px) 100vw, 300px\" \/><\/a> <a href=\"http:\/\/www.giampieroruggieri.it\/wp-content\/uploads\/2014\/12\/giglio_rosso.jpg\"><img loading=\"lazy\" class=\"size-full wp-image-260 aligncenter\" src=\"http:\/\/www.giampieroruggieri.it\/wp-content\/uploads\/2014\/12\/giglio_rosso.jpg\" alt=\"giglio_rosso\" width=\"300\" height=\"300\" srcset=\"https:\/\/www.giampieroruggieri.it\/wp-content\/uploads\/2014\/12\/giglio_rosso.jpg 300w, https:\/\/www.giampieroruggieri.it\/wp-content\/uploads\/2014\/12\/giglio_rosso-150x150.jpg 150w\" sizes=\"(max-width: 300px) 100vw, 300px\" \/><\/a> <a href=\"http:\/\/www.giampieroruggieri.it\/wp-content\/uploads\/2014\/12\/pwb.jpg\"><img loading=\"lazy\" class=\"size-full wp-image-259 aligncenter\" src=\"http:\/\/www.giampieroruggieri.it\/wp-content\/uploads\/2014\/12\/pwb.jpg\" alt=\"pwb\" width=\"300\" height=\"300\" srcset=\"https:\/\/www.giampieroruggieri.it\/wp-content\/uploads\/2014\/12\/pwb.jpg 300w, https:\/\/www.giampieroruggieri.it\/wp-content\/uploads\/2014\/12\/pwb-150x150.jpg 150w\" sizes=\"(max-width: 300px) 100vw, 300px\" \/><\/a> <a href=\"http:\/\/www.giampieroruggieri.it\/wp-content\/uploads\/2014\/12\/puro_gusto.jpg\"><img loading=\"lazy\" class=\"size-full wp-image-258 aligncenter\" src=\"http:\/\/www.giampieroruggieri.it\/wp-content\/uploads\/2014\/12\/puro_gusto.jpg\" alt=\"puro_gusto\" width=\"300\" height=\"300\" srcset=\"https:\/\/www.giampieroruggieri.it\/wp-content\/uploads\/2014\/12\/puro_gusto.jpg 300w, https:\/\/www.giampieroruggieri.it\/wp-content\/uploads\/2014\/12\/puro_gusto-150x150.jpg 150w\" sizes=\"(max-width: 300px) 100vw, 300px\" \/><\/a> <a href=\"http:\/\/www.giampieroruggieri.it\/wp-content\/uploads\/2014\/12\/1920.jpg\"><br \/>\n<\/a><\/p>\n","protected":false},"excerpt":{"rendered":"<p>Il marchio per un&#8217;azienda \u00e8 il primo segno, la prima impressione. Sul biglietto da visita campeggia accanto al nome del presidente o dell&#8217;impiegato. Per un grafico il marchio \u00e8 una sfida da affrontare, perch\u00e9 \u00e8 il sunto tra l&#8217;idea e<\/p>\n","protected":false},"author":1,"featured_media":0,"parent":0,"menu_order":0,"comment_status":"closed","ping_status":"closed","template":"","meta":[],"_links":{"self":[{"href":"https:\/\/www.giampieroruggieri.it\/index.php?rest_route=\/wp\/v2\/pages\/156"}],"collection":[{"href":"https:\/\/www.giampieroruggieri.it\/index.php?rest_route=\/wp\/v2\/pages"}],"about":[{"href":"https:\/\/www.giampieroruggieri.it\/index.php?rest_route=\/wp\/v2\/types\/page"}],"author":[{"embeddable":true,"href":"https:\/\/www.giampieroruggieri.it\/index.php?rest_route=\/wp\/v2\/users\/1"}],"replies":[{"embeddable":true,"href":"https:\/\/www.giampieroruggieri.it\/index.php?rest_route=%2Fwp%2Fv2%2Fcomments&post=156"}],"version-history":[{"count":17,"href":"https:\/\/www.giampieroruggieri.it\/index.php?rest_route=\/wp\/v2\/pages\/156\/revisions"}],"predecessor-version":[{"id":2707,"href":"https:\/\/www.giampieroruggieri.it\/index.php?rest_route=\/wp\/v2\/pages\/156\/revisions\/2707"}],"wp:attachment":[{"href":"https:\/\/www.giampieroruggieri.it\/index.php?rest_route=%2Fwp%2Fv2%2Fmedia&parent=156"}],"curies":[{"name":"wp","href":"https:\/\/api.w.org\/{rel}","templated":true}]}}